
4
Calculate 12 + -34 + 20 + -4.
-6
What is the value of -7 + -2 - (45 + -48) - -13?
7
What is 18 - (-5 + (-2 - -12) + 1)?
12
Evaluate 3 + -8 + 6 - 0.
1
What is the value of -14 + -7 + (7 - 7 - -17)?
-4
Evaluate -2 + -23 + (-4 + 6 - (-3 - 2)).
-18
Evaluate -1 + 1 + 9 + -17 + -2.
-10
What is the value of 1 - -22 - (-10 + 64 + -43)?
12
Calculate 3 - (-3 + (-7 - -4)) - 17 - -25.
17
Evaluate -2 + (-8 - -21 - -7 - 14).
4
(8 - (11 + -5)) + -31 + 5 + 0
-24
What is the value of 15 + -11 + -13 + 12?
3
Calculate 35 - 15 - (17 - 5).
8
Evaluate (3 - -44) + -14 - (13 - 1).
21
What is the value of (-119 - -107 - (-11 - 1)) + (0 - -24)?
24
Evaluate (33 - 26) + 3 + 7 + -3.
14
What is the value of 7 + -4 + -9 + 7 - (0 + -6)?
7
(1 - 20) + (6 + 9 - 44) + 17
-31
What is 1 - (6 + -2 + (5 - -4) + -6)?
-6
Evaluate 0 + 0 + 6 + 2 - 16 - -12.
4
What is the value of 115 + -125 - (-3 + 0 + 2)?
-9
-18 + (15 - -2 - 33)
-34
What is the value of -19 + 23 + -11 + 7?
0
Evaluate 24 - (-25 + 37 - -13).
-1
Evaluate -8 + (-9 - (7 - 9)) - (-8 - -5).
-12
Evaluate -14 - (-9 + (21 - 13)).
-13
Evaluate -159 + 144 + 17 + 0.
2
-3 + (-1 - -7) + -23 + (-8 - -3)
-25
(5 - 20) + 63 + -40
8
What is (6 - 4) + 19 + (2 + -11 - -17)?
29
0 - (-21 - (-37 + -15))
-31
What is the value of (-1 + 8 - (-17 + 51)) + 4 + 0?
-23
Calculate 4353 + -4350 + -1 + (26 - 0).
28
Calculate 35 + (-16 + -26 - -20).
13
Evaluate -8 - (1 - 16 - -20).
-13
What is -8 + (11 + -7 - -1 - 11) - 5?
-19
What is the value of 11 + -22 - (3 + -8) - -11?
5
Evaluate (49 - 54) + (26 - -6) + (2 - 1).
28
Calculate 36 + -1 - -11 - 44.
2
Calculate -42 + 44 - (-33 - -12).
23
(3 - (10 - 14)) + 0 + -9 + -1
-3
Evaluate -10 + 3 + 3 + 15.
11
Evaluate -5 + -9 + (18 - 5).
-1
What is the value of 0 - (3 + -16 + 9)?
4
Calculate -26 + -25 + -37 + 76.
-12
-18 + 32 - (-10 - -23)
1
What is the value of (-1 - (-27 - -24)) + -13 + 1?
-10
(-4 - -3) + -2 - (-7 + 15 - 7)
-4
What is the value of (11 - (23 + -12)) + 8 - (1 + -4)?
11
What is -90 + 90 + -2 + 0?
-2
-16 + 8 + -13 + 10 + 4
-7
What is the value of (9 - (-19 - -34) - 18) + -5 + 1?
-28
What is 3 + -8 + 10 - (2 - (1 + 18))?
22
11 - (-11 - (7 + (-11 - (5 + -6))))
19
Calculate -11 - (-17 - 9 - -20).
-5
What is the value of (0 - (-7 + (-9 - 13))) + -6?
23
Calculate 8 + 3 + (-19 - -9).
1
What is -6 + (9 + -3 + 0 - 19)?
-19
Calculate 13 + 2 + 4 + -40 - (-8 + 1).
-14
Evaluate -19 + 11 + -11 + 32.
13
6 - (-1 - -37) - -25
-5
Evaluate 0 - -12 - 1 - (4 - (-28 + 28)).
7
Evaluate 48 - 44 - (-7 - 2) - 1.
12
What is the value of (18 - 23) + 7 + (-5 - 4)?
-7
Evaluate 7 + -13 + 76 + -70.
0
Calculate -1 + -5 - (-109 + 94).
9
(2 - 8) + (-3 + 22 - 20) + 2
-5
What is -6 - (10 + -2 - 9)?
-5
What is the value of -3 + (2 - 1) + -17 + (14 - -6)?
1
Calculate (21 - 56) + (-21 - -10) + 16.
-30
What is (2 - ((3 - 2) + (96 - 94))) + 7?
6
What is the value of -2 + (27 - ((-8 - -9) + 9))?
15
What is the value of (164 - 191) + 19 + -1?
-9
16 + 20 + -26 + -15
-5
What is 10 + 32 + (-48 - -33)?
27
Calculate (-5 - (4 + 0)) + -1 + 14.
4
-3 - (-1 - 1) - 6
-7
(-6 - -1) + -8 + 12 + -8
-9
What is the value of 747 + -727 - (18 - -1)?
1
Evaluate 43 + -20 + -31 + (2 - (0 - -2)).
-8
-7 + -16 - -20 - (-14 + -3)
14
What is 24 - (20 + -26) - 51?
-21
8 - ((-4 - 13) + 7 - -3 - -12)
3
-15 - (-3 + (16 - 31)) - 35
-32
3 + 0 + -6 + 0 + (-6 - -2)
-7
14 + 1 + (3 - (-2 + 6) - -4)
18
What is the value of ((-31 - -7) + 11 - -1) + 6?
-6
What is the value of 0 + 10 - 8 - (3 - -2)?
-3
What is the value of (-3 - ((6 - 9) + -20)) + -15?
5
What is the value of 2 + -4 + -2 + -4?
-8
What is (-11 - -16) + 1 - (5 - (2 + -2))?
1
Calculate (-263 - -246 - (-10 - 1)) + -10.
-16
What is the value of 229 + -240 + (11 - 0)?
0
What is the value of 0 - (-11 - 2 - -2)?
11
What is the value of 6 + 1 - (-321 + 321)?
7
11 + 4 + (26 - 43)
-2
What is -2219 - -2214 - (1 + -21 - (0 - -1))?
16
What is -13 + -25 + 10 + 40?
12
Calculate (-6 - -13) + (4 - 7).
4
What is (-1 - 13) + 1 - (-84 + (114 - 21))?
-22
Calculate -14 + (-6 - -20) + -37.
-37
What is the value of 36 - 23 - (3 + 2 + -4)?
12
Calculate 5 + -21 + 0 + 0 + 2 + 0.
-14
What is the value of (-13 - -3) + -4 - -19?
5
What is (-5 - (0 - 0)) + 18 + 115 + -120?
8
Calculate 8 + (6 - 12) - ((3 - 3) + 6).
-4
-7 + (-3 - 5) + 15 + (-18 - -9)
-9
Calculate 14 + -6 - (-167 - -192).
-17
What is -4 - (1 - 0 - (303 + -304))?
-6
(8 - (6 - 4)) + (16 - 7) + -7
8
What is the value of 1586 + -1575 + (0 - 17)?
-6
What is the value of 1 + 0 + (-15 - -9) + 11 - 6?
0
What is (38 - 3) + -38 + (24 - -14)?
35
What is the value of 0 - 3 - 2 - (-1 + -7)?
3
Evaluate -7 + (-10 - (-2 - 9)) + 3.
-3
Evaluate -8 + (27 - 55) + (2 - -1) + 3.
-30
Calculate (9 - (-1 - -16)) + 8 + -2 + -8.
-8
(-163 - -175) + (1 - 19) - -3
-3
Calculate 18 - (4 + -2 + 8 + (-64 - -48)).
24
What is the value of (-2 - 4) + 6 - -1 - 5?
-4
21 + (-23 - -17 - (0 + 2))
13
What is the value of (2 - 19) + (-60 - -75)?
-2
Calculate 18 + -37 - (-4 - (-2 + 1) - 2).
-14
What is (18 + 0 + -10 - (-1 + 11)) + 16?
14
-3 + 37 + 18 + -42
10
What is -54 - -58 - (-3 - (-5 - -1))?
3
-3 + (1 - 4) + (159 - 149)
4
What is the value of 22 - (-2 - -12) - (-2 - -9)?
5
Evaluate 31 - (11 - -3) - 10 - 3.
4
What is the value of (41 - 11) + (-7 - 12)?
11
What is 1 + (16 - 11) + -3 + 2?
5
What is the value of -1 - (2 - (-4 + 9)) - (2 - 4)?
4
What is the value of -42 - (0 + -14 - (12 + -18))?
-34
What is the value of 103 + -80 + (7 - (2 + -2 - 2))?
32
What is (-8 - (3 + -2)) + (22 - 35 - -15)?
-7
Calculate 6 + -1 + -10 - (32 + -28).
-9
Calculate 13 + (-1 - (-6 - -11)).
7
Evaluate 29 + (-11 - -6) + 4 + -16 + 4.
16
(9 - 1) + (13 - 13 - (1 + -4))
11
2 - (8 + -10) - (2 - (0 + -9))
-7
(-3 - -15) + -2 - (6 + 6 + -14)
12
What is (-19 + 27 - 21) + 15?
2
3 - (-2 - 3) - (-145 - -164)
-11
Evaluate 8 + -8 - (7 - (-20 + (13 - 8))).
-22
Calculate 9 - (-13 - 18) - 67.
-27
28 + -8 + -28 + -5
-13
(11 - 2) + -7 - (-7 - -5 - 9)
13
-7 + (2 - 4 - -4) + 26
21
Calculate 31 + -33 - (4 + -2) - (3 + -1).
-6
Calculate -334 + 330 - (-2 + 0 + -1 + 19).
-20
What is 13 - (-18 + 9 + 25 + 3)?
-6
What is (0 - 4) + ((-2 - 3) + 3 - 1)?
-7
What is (-6 - 7) + (0 - (5 + (1 - -1)))?
-20
(-8 - 4) + 13 + -12
-11
What is the value of (30 - 4 - 13) + -9 + -23?
-19
Evaluate -2 + -14 + (175 - 151) + (2 - -1).
11
Evaluate -9 - ((-4 - -1) + 5 - (1 + 10)).
0
Calculate -25 - (-57 + -21 - -43).
10
(14 - -8) + -70 + 12 - (1 + -8)
-29
Evaluate -168 - -159 - (-2 - -5).
-12
What is the value of 1 + -15 + -1 + 2 + -23?
-36
Calculate 7 - ((2 - 17) + 6 + 3 + 4).
9
Calculate (-26 - (-22 - -20)) + 27.
3
11 - 6 - (64 + -44)
-15
What is the value of -14 + (-18 - (-10 - (-3 + -3)))?
-28
What is 16 - (36 + -61 + 42)?
-1
What is (15 + 26 - 21) + -34?
-14
Calculate -7 - (5 + (12 - 28)).
4
2 + -1 + 2 - (-670 + 674)
-1
-11 + 3 + (56 - 58)
-10
Calculate 0 - (-1 - -9 - 0).
-8
Calculate (-1 - 0) + 5 + (1 - 3).
2
Evaluate -16 - (-4 - 6) - (0 + 0 + 1).
-7
What is the value of (2 - 15) + (32 - 25)?
-6
What is 0 - (-3 + (10 - 7) - (-4 + 0))?
-4
Calculate 22 + -6 + (-8 - (8 - 7 - 15)).
22
What is the value of -6 + -9 + (-13 - -23) + (-13 - -4)?
-14
What is (10 - 42) + 17 + -3 + (4 - 8)?
-22
Calculate 18 + 3 + 2 + -17 + 1.
7
Calculate (-6 - (-12 + 15)) + 19 - 36.
-26
What is the value of 3 + (-16 - -2) + -6 + 5?
-12
What is -29 + (10 - 4 - -10)?
-13
15 + (-22 - -22) + 17
32
What is 2 - ((-20 - -5) + 8 - -11 - -10)?
-12
Evaluate 0 - ((-4 + -3 - -5) + 10) - -1.
-7
Calculate 0 + -14 + 29 + -20 + -2.
-7
(110 - 90) + 1 + -4 + -2
15
10 - (-2 - (12 + -15))
9
Evaluate -13 - -13 - -7 - 7.
0
Calculate -20 + 28 + -33 + -1.
-26
What is -17 + 2 + 22 + -25?
-18
Evaluate -10 - -12 - 4 - 13.
-15
What is the value of -21 - (-6 - 11 - 12)?
8
Calculate 10 + 4 + (8 - 10).
12
What is the value of -10 - (14 - 19 - (-3 - -1) - 2)?
-5
Evaluate 11 + -1 + 0 + 2.
12
Calculate 19 + -21 + (1 - -1 - 0) - 14.
-14
What is the value of 41 + -33 - 8 - (-1 + 0)?
1
Evaluate -1 - -1 - (1 + (-9 + -14 - -24)).
-2
Evaluate (-42 - -12) + 18 + 6.
-6
-280 + 286 - (1 + (0 - -7) + -2)
0
What is -5 + (-6 - -11 - -4 - -6)?
10
What is the value of -3 + -3 + 5 - 9 - 4?
-14
Calculate 24 + 8 + -37 - (9 + 2).
-16
What is -38 + 46 + -30 + 36?
14
-6 + -11 + 5 + (3 - 3)
-12
-8 + 1 - (-13 - -11 - -4)
-9
82 + -32 + -39 - (-14 + -1)
26
What is the va